*z + 49 = -66, -j*p + z = -62. List the prime factors of p.
19
Suppose 11324 = 20*m - 33956. List the prime factors of m.
2, 283
Suppose 11*p - 26 = 73. What are the prime factors of p?
3
Let h = 524 + -342. Let z = h - 87. What are the prime factors of z?
5, 19
Let b(l) = -l + 16. Let f be (-10)/(-2)*(-14)/(-7). Let y be b(f). Suppose y*m - 23 = 43. List the prime factors of m.
11
What are the prime factors of ((-1432)/12 - 2)*(-9 - -6)?
2, 7, 13
Let a(c) = 32*c + 21. List the prime factors of a(7).
5, 7
Let q be (-6)/8 + 9042/24. Suppose -3*u = 5*z - 932, -2*z + u - 3*u = -q. What are the prime factors of z?
2, 23
Let u = 3 - -9. Suppose -7*k + 40 = u. Let x = k - -55. What are the prime factors of x?
59
Let s be (-3 - (-9 - -3)) + -13. Let g = s - -5. What are the prime factors of -4*(5 + -2 + g)?
2
Let w(l) = l**2 - 18*l + 17. List the prime factors of w(-8).
3, 5
Suppose 31*z + 998 = 33*z. List the prime factors of z.
499
Suppose 265 = -5*h + 10*h. List the prime factors of h.
53
Suppose -2*v - 3*d + 3148 = -7*v, 4*d - 1880 = 3*v. Let a = -446 - v. What are the prime factors of a?
2, 3, 31
Let w = -391 - -589. List the prime factors of w.
2, 3, 11
Let d(a) = -a**2 + 3. Let g be d(3). Let m(k) = 3*k - 2*k**2 - 11 + 2*k**2 + k**2. List the prime factors of m(g).
7
What are the prime factors of (4 + -3 + 0 - -3) + 3589?
3593
Suppose -4*z + 89 = 2*j - 133, z = -5*j + 546. Suppose -2*n + 3*x = -5*n + 372, -n + j = -4*x. List the prime factors of n.
11
Let u = -201 + 104. Let c = 26 - u. List the prime factors of c.
3, 41
Let a(l) = 22*l**2 + 1. Let n be a(-1). Suppose -3*d - 5 + 17 = 2*c, -2*d + 3*c = 5. Suppose d*y = 69 + n. What are the prime factors of y?
2, 23
Suppose r - 381 = 117. List the prime factors of r.
2, 3, 83
Suppose 253 = 7*u - 90. Suppose 0*j = j - p - 15, 3*j + p - u = 0. List the prime factors of j.
2
Let a(q) = 14*q - 2. Let b = -2 + 9. Let t(g) = 27*g - 4. Let d(z) = b*a(z) - 3*t(z). What are the prime factors of d(2)?
2
Let x(i) = 8*i - 27. Let o(f) = 21 + 34 - 23*f + 25. Let b(u) = -6*o(u) - 17*x(u). List the prime factors of b(15).
3
Let s = -12 - -14. Suppose -s*h - 4*b + 8 = -0*h, 5*h + 2*b - 60 = 0. List the prime factors of (1 - -3) + h - -1.
19
Let v be (28/(-6))/((-7)/(-105)). Let w = 99 + v. Let y = w - 20. What are the prime factors of y?
3
Let u(x) be the first derivative of 2*x**2 + 15*x + 17. What are the prime factors of u(5)?
5, 7
Let y(b) = 2*b + 2. Let c(l) = -2*l + 7. Let n be c(6). Let g be y(n). Let z = 15 + g. What are the prime factors of z?
7
Let t be -1 - (0 - (-2 + 7)). Suppose t*g - 25 = -g. Suppose 162 - 2 = g*m. List the prime factors of m.
2
Let o = 4 + -11. Let k(c) be the first derivative of -3*c**2/2 + 7*c + 6. List the prime factors of k(o).
2, 7
Suppose 0 = -11*d + 78 + 252. Let h = 15 + d. What are the prime factors of h?
3, 5
Suppose -1764 = -3*w - 5*s + 14, -3*w + s + 1754 = 0. What are the prime factors of w?
2, 293
Suppose -4*j = -9*j. Let c(k) = -k**3 + 35. What are the prime factors of c(j)?
5, 7
Let g = -127 + 62. Let b = 119 + g. List the prime factors of b.
2, 3
Let m = 13 + -11. Suppose 4 = 4*r - m*r. Suppose r*j = 4*y + 4*j - 54, -y + 5*j = -30. List the prime factors of y.
3, 5
Let k(w) be the third derivative of w**6/120 - w**5/60 + w**4/8 - 2*w**3/3 + 16*w**2. List the prime factors of k(3).
23
Suppose -2*m = 2*j - 30, -5*j + 102 = -4*m - 0*m. List the prime factors of (-4)/j - (1624/(-18) - 2).
2, 23
Let z(i) be the third derivative of 1/8*i**4 - 1/12*i**5 + 0*i + 3*i**2 - 1/3*i**3 - 1/120*i**6 + 0. List the prime factors of z(-6).
2
Let s(o) = 258*o + 96. What are the prime factors of s(4)?
2, 3, 47
Let c(p) = -2*p - 12. Let f(q) = 4*q. Let s be f(1). Suppose 35 = -s*u - 3*o, 35 = -0*u - 5*u + 5*o. What are the prime factors of c(u)?
2
Let h(y) = -y**3 - 7*y**2 - 7*y - 2. Let t be h(-6). List the prime factors of (4/t - -50) + 1.
2, 13
Suppose -3*b = k + 2*k + 18, -5*b = 4*k + 28. What are the prime factors of (31/k)/(5/(-20)) + -4?
2, 29
Let z be (27/(-2))/((-24)/(-32)). List the prime factors of z/12 - 319/(-2).
2, 79
Let r be 8 + 8/(8/(-4)). Suppose 2 = t - 3*b + 4, 67 = r*t + 3*b. Let o = t - 9. List the prime factors of o.
2
Let z(u) = 187*u + 613. What are the prime factors of z(14)?
3, 359
Suppose 2*u - 3194 = -m, 20*m - 16*m + 4*u - 12788 = 0. What are the prime factors of m?
2, 5
Suppose -2*i - 8 = -2*z, -2*i + 2 = 4*z + i. Suppose 8*r = -z*r + 540. List the prime factors of r.
2, 3
Suppose -4*b = -2*y - 332 + 2274, 4*y = 2*b + 3860. List the prime factors of y.
3, 107
Suppose 0 = -5*r - 3*y + 3897, 0 = -13*r + 12*r + 5*y + 757. List the prime factors of r.
3, 7, 37
Let n(b) = 2*b**2 + 49*b + 106. What are the prime factors of n(-45)?
1951
Suppose -4*u - 4*x + 11408 = 0, 23*u + 3*x + 14236 = 28*u. List the prime factors of u.
7, 11, 37
Let n = 10 - 7. Suppose -89 = -n*c + 88. Let t = c + -30. List the prime factors of t.
29
Suppose 1296 - 513 = 29*n. What are the prime factors of n?
3
Let v(u) = -13*u**3 - 2*u**2 + 7*u + 3. Let m be v(-3). Suppose -4*x + 197 = -m. What are the prime factors of x?
2
Let v(i) = 694*i**2 - 2*i - 1. Let t be v(-1). Let c = t - 435. What are the prime factors of c?
2, 5, 13
Let y(s) = s + 27. Let j be y(-13). Let d = -10 + j. Suppose -c + 48 = -d*z, 0*z + z + 222 = 4*c. List the prime factors of c.
2, 7
Suppose 351*u - 352*u + 937 = 0. What are the prime factors of u?
937
Suppose 12*g - 11*g = 73. Let o = -33 + g. What are the prime factors of o?
2, 5
Suppose 0 = 5*c + 4*q - 23758, -5*q - 1230 = 2*c - 10723. What are the prime factors of c?
2, 2377
Let t = 177 + -161. Let x = 2 - -1. Suppose x*i = 7*i - t. List the prime factors of i.
2
Suppose 11492 = 5*x + 4*p - 986, 3*x - 7472 = 5*p. What are the prime factors of x?
2, 29, 43
Let z = 717 - 473. What are the prime factors of z?
2, 61
Let i(k) be the first derivative of 2*k**3/3 - 3*k**2/2 - 5*k + 2. Let r = -19 + 23. List the prime factors of i(r).
3, 5
Let q(z) = -z**2 - 7*z - 3. Let k = 3 - 1. Suppose 2*n - 33 = 5*v - 10, -3*v - 17 = k*n. List the prime factors of q(v).
7
Let c be 24/(-12) - (-5 - 0). Suppose -c*y - 2*y = -375. What are the prime factors of y?
3, 5
Let o be ((-4)/((-24)/9))/(2/4). Suppose -o*l = 3*l - 210. List the prime factors of l.
5, 7
Let w(p) = -p - 6 + 5 + 10 + 4. Let z be w(13). Suppose t - 3*t + 62 = z. List the prime factors of t.
31
Let p(j) = -j**3 + 5*j**2 - 3*j + 5. Let t be p(4). Suppose -6 = -f + t. What are the prime factors of f?
3, 5
Let a be 196/(-21)*(-390)/7. Suppose 7*y - a = 299. List the prime factors of y.
3, 13
Suppose -4*a + 5 + 15 = 0. Let k(j) = -2 + j**2 - a + j**2 + 4*j**2 + 3*j. What are the prime factors of k(3)?
2, 7
Let k(p) = -12*p - 13. Suppose 2*z + 35 = 7*z. Let o(c) = -11*c - 12. Let j(q) = z*o(q) - 6*k(q). What are the prime factors of j(-5)?
19
Let s be (-981)/18 + 3/2. Let n = -3 - s. List the prime factors of n.
2, 5
Suppose 0 = 2*x - 4*j - 570, -5*x + 17*j - 22*j + 1485 = 0. What are the prime factors of x?
293
Suppose -5*s = -0*s - 555. Let r = s - 66. What are the prime factors of r?
3, 5
Suppose 4*g = -0*g + l + 2703, 0 = -2*l + 10. What are the prime factors of g?
677
Let k(f) = 2*f**3 - 8*f**2 - 18*f - 10. What are the prime factors of k(8)?
2, 179
Let m = -16 + 19. Suppose 2*k = k + m. Let t = k + 10. What are the prime factors of t?
13
Let v(p) = p**2 + 6*p - 5. Let t be v(6). Let j = -4 + t. Let b = j - 44. What are the prime factors of b?
19
Suppose w + 2 = 7, 2*c - 28 = -4*w. Let p = -276 - -420. Suppose c*u - p = -0*u. List the prime factors of u.
2, 3
Suppose x = -117*v + 121*v - 2535, 0 = 2*v - x - 1265. What are the prime factors of v?
5, 127
Let o(d) = -202*d + 207. List the prime factors of o(-12).
3, 877
Let h = -204 - -808. What are the prime factors of h?
2, 151
Suppose -g - 32 = -2*g. Suppose -35*u + g*u = -615. List the prime factors of u.
5, 41
Let o be 0/(-2) + (7 - 3). Suppose 0 = -4*p + 4, p - o*p = 4*u - 91. What are the prime factors of u?
2, 11
Let z(q) = -30*q**2 + 3*q + 12. Let w be z(-2). What are the prime factors of 4*1 + w/(-6)?
23
Suppose 49*i - 50305 = 46617. What are the prime factors of i?
2, 23, 43
Let x(o) = o**2 + 10*o - 24. Let v = -20 - -28. What are the prime factors of 